{"id":19572,"date":"2025-05-12T22:10:32","date_gmt":"2025-05-12T20:10:32","guid":{"rendered":"https:\/\/mechevestimentas.uy\/?post_type=product&#038;p=19572"},"modified":"2025-05-13T15:52:11","modified_gmt":"2025-05-13T13:52:11","slug":"acolchado-2plazas-queen","status":"publish","type":"product","link":"https:\/\/mechevestimentas.uy\/index.php\/product\/acolchado-2plazas-queen\/","title":{"rendered":"Acolchado 2plazas Queen"},"content":{"rendered":"<p>Acolchado doble faz en microfibra. Liviano. Excelente aislante t\u00e9rmico. Costuras altamente resistentes y flexibles. M\u00e1xima durabilidad y suavidad al tacto. Volumen inalterable a trav\u00e9s del tiempo .Composici\u00f3n<\/p>\n<p>100% polyester hipoalerg\u00e9nico.<\/p>\n<p>No absorbe humedad del ambiente.<\/p>\n","protected":false},"excerpt":{"rendered":"<p>Acolchado microfibra 2 plazas queen . Medidas 250 x 270 cm .Acolchados La Aurora.<\/p>\n","protected":false},"featured_media":19560,"template":"","meta":[],"product_brand":[],"product_cat":[152],"product_tag":[],"class_list":["post-19572","product","type-product","status-publish","has-post-thumbnail","product_cat-ropa-de-cama","first","instock","taxable","shipping-taxable","purchasable","product-type-simple"],"_links":{"self":[{"href":"https:\/\/mechevestimentas.uy\/index.php\/wp-json\/wp\/v2\/product\/19572","targetHints":{"allow":["GET"]}}],"collection":[{"href":"https:\/\/mechevestimentas.uy\/index.php\/wp-json\/wp\/v2\/product"}],"about":[{"href":"https:\/\/mechevestimentas.uy\/index.php\/wp-json\/wp\/v2\/types\/product"}],"wp:featuredmedia":[{"embeddable":true,"href":"https:\/\/mechevestimentas.uy\/index.php\/wp-json\/wp\/v2\/media\/19560"}],"wp:attachment":[{"href":"https:\/\/mechevestimentas.uy\/index.php\/wp-json\/wp\/v2\/media?parent=19572"}],"wp:term":[{"taxonomy":"product_brand","embeddable":true,"href":"https:\/\/mechevestimentas.uy\/index.php\/wp-json\/wp\/v2\/product_brand?post=19572"},{"taxonomy":"product_cat","embeddable":true,"href":"https:\/\/mechevestimentas.uy\/index.php\/wp-json\/wp\/v2\/product_cat?post=19572"},{"taxonomy":"product_tag","embeddable":true,"href":"https:\/\/mechevestimentas.uy\/index.php\/wp-json\/wp\/v2\/product_tag?post=19572"}],"curies":[{"name":"wp","href":"https:\/\/api.w.org\/{rel}","templated":true}]}}

<p>Acolchado doble faz en microfibra. Liviano. Excelente aislante térmico. Costuras altamente resistentes y flexibles. Máxima durabilidad y suavidad al tacto. Volumen inalterable a través del tiempo .Composición</p>
<p>100% polyester hipoalergénico.</p>
<p>No absorbe humedad del ambiente.</p>
