{"id":19573,"date":"2025-05-13T16:11:40","date_gmt":"2025-05-13T14:11:40","guid":{"rendered":"https:\/\/mechevestimentas.uy\/?post_type=product&#038;p=19573"},"modified":"2025-05-13T16:11:40","modified_gmt":"2025-05-13T14:11:40","slug":"acolchado-1plaza-infantil-o-liso","status":"publish","type":"product","link":"https:\/\/mechevestimentas.uy\/index.php\/product\/acolchado-1plaza-infantil-o-liso\/","title":{"rendered":"Acolchado 1plaza infantil o liso"},"content":{"rendered":"<p>Acolchado Microfibra<\/p>\n<p>Acolchado doble faz en microfibra. Liviano. Excelente aislamiento t\u00e9rmico. Costuras altamente resistentes y flexibles. M\u00e1xima durabilidad y suavidad al tacto. Volumen inalterable a trav\u00e9s del tiempo.\u00a0 Composici<\/p>\n<p>&nbsp;<\/p>\n","protected":false},"excerpt":{"rendered":"<p>Acolchados La Aurora Calidad con historia.<\/p>\n<p>Medidas\u00a0 1Plaza\u00a0 150 x 230 cm.<\/p>\n","protected":false},"featured_media":19575,"template":"","meta":[],"product_brand":[],"product_cat":[152],"product_tag":[],"class_list":["post-19573","product","type-product","status-publish","has-post-thumbnail","product_cat-ropa-de-cama","first","instock","taxable","shipping-taxable","product-type-simple"],"_links":{"self":[{"href":"https:\/\/mechevestimentas.uy\/index.php\/wp-json\/wp\/v2\/product\/19573","targetHints":{"allow":["GET"]}}],"collection":[{"href":"https:\/\/mechevestimentas.uy\/index.php\/wp-json\/wp\/v2\/product"}],"about":[{"href":"https:\/\/mechevestimentas.uy\/index.php\/wp-json\/wp\/v2\/types\/product"}],"wp:featuredmedia":[{"embeddable":true,"href":"https:\/\/mechevestimentas.uy\/index.php\/wp-json\/wp\/v2\/media\/19575"}],"wp:attachment":[{"href":"https:\/\/mechevestimentas.uy\/index.php\/wp-json\/wp\/v2\/media?parent=19573"}],"wp:term":[{"taxonomy":"product_brand","embeddable":true,"href":"https:\/\/mechevestimentas.uy\/index.php\/wp-json\/wp\/v2\/product_brand?post=19573"},{"taxonomy":"product_cat","embeddable":true,"href":"https:\/\/mechevestimentas.uy\/index.php\/wp-json\/wp\/v2\/product_cat?post=19573"},{"taxonomy":"product_tag","embeddable":true,"href":"https:\/\/mechevestimentas.uy\/index.php\/wp-json\/wp\/v2\/product_tag?post=19573"}],"curies":[{"name":"wp","href":"https:\/\/api.w.org\/{rel}","templated":true}]}}

<p>Acolchado Microfibra</p>
<p>Acolchado doble faz en microfibra. Liviano. Excelente aislamiento térmico. Costuras altamente resistentes y flexibles. Máxima durabilidad y suavidad al tacto. Volumen inalterable a través del tiempo.  Composici</p>
<p>&nbsp;</p>
